of r and l.
18
Suppose -3*k + 393 = -3*c, -7*k + 2*c = -2*k - 646. Let x = k - 82. Calculate the greatest common divisor of 46 and x.
46
Let m(l) = 11*l**2 + 4*l. Let z be -2*(1 - -1)/2. Let w be m(z). Calculate the greatest common divisor of w and 12.
12
Let u = 173 - 143. Suppose 0 = -5*f + 4*g + 15, -4*g - 9 = -2*f - f. What is the highest common divisor of u and f?
3
Let z = 162 - 114. Let u = z - 30. What is the highest common factor of 45 and u?
9
Suppose -320 = 5*q - 13*q. What is the greatest common factor of 8 and q?
8
Let g be (312/14)/(((-256)/56)/(-16)). What is the greatest common factor of g and 208?
26
Let k = 1262 + -1147. What is the highest common factor of 10 and k?
5
Let z(p) = 20*p - 65. Let u(d) = d - 1. Let c(j) = -30*u(j) + z(j). Let n be c(-6). Calculate the highest common divisor of 250 and n.
25
Let t(h) = 146*h**2 - h - 1. Let p be t(1). Suppose -25*a + p = -21*a. What is the highest common factor of 4 and a?
4
Suppose 2*f = -3*f + 35. Suppose -5*n + 10 = -5. Suppose -n*c - p + 65 = -162, 0 = -5*c - 2*p + 377. Calculate the greatest common divisor of f and c.
7
Let w be (45/5)/((1 - 3)/(-24)). What is the highest common divisor of w and 12?
12
Suppose 3*x + 93 = -0*f + 3*f, 117 = 3*f + 5*x. Calculate the greatest common factor of f and 2.
2
Let c = 249 + -228. What is the highest common factor of c and 1407?
21
Suppose 11*b = 3376 - 3167. What is the highest common divisor of b and 209?
19
Suppose -3*p = -3 + 18, 5*p + 17 = 4*i. Let n be ((-330)/12)/(1/i). What is the highest common divisor of 11 and n?
11
Let d be (-5 + 3 - 0) + 24. Calculate the highest common factor of 198 and d.
22
Let h = -31 - -47. Suppose 6*j = 2*j + h. Suppose 3*b - d + 5*d = 76, 0 = -2*d + 8. What is the highest common factor of j and b?
4
Let j be 7/((-14)/3)*(-38)/(-3). Let z = -5 - j. Calculate the greatest common divisor of 42 and z.
14
Suppose -n + 184 - 30 = w, 5*n = 5*w + 790. Calculate the highest common divisor of 36 and n.
12
Let z = 31 + -7. Let w be (-6)/(-24)*-15*z/(-2). What is the highest common factor of w and 45?
45
Suppose 0*i + i = -2. Let x be 74 + (i - (3 - 2)). Let k = x - 49. What is the greatest common divisor of 11 and k?
11
Let l(d) = 176*d**2 + 3*d - 5. Let b be l(2). What is the highest common factor of b and 15?
15
Suppose -2*g - 4*m - 82 = -3*g, 3*m + 12 = 0. Calculate the highest common divisor of 297 and g.
33
Suppose 5*b = -8*p + 4*p + 240, 0 = -4*b - 16. Let y be ((-39)/6 - -3)*10. Let o = y + 61. What is the greatest common factor of p and o?
13
Let v = 23 + -17. Let n be (24/(-7))/(v/(-21)). Let r = 18 - n. What is the greatest common divisor of 6 and r?
6
Let s(g) = g**2 - g - 66. Let k be s(0). Let j = 154 + k. Let o(v) = -3*v - 1. Let n be o(-4). Calculate the greatest common divisor of n and j.
11
Suppose 3*h - 104 = -4*m - 2*h, -3*h - 26 = -m. Let y = -9 + m. Suppose -3*w + 212 = -247. Calculate the highest common factor of y and w.
17
Let j be (1 - 5 - 4)*7/(-4). Suppose k - 5*k + 28 = 0. Calculate the greatest common divisor of k and j.
7
Let q(a) = -2*a - 27. Let f be q(-18). Let d = 29 - 11. What is the greatest common factor of d and f?
9
Let y(w) = -4*w + w**2 + 0 + 7*w + 7 - 9. Let o be y(-7). What is the greatest common factor of 234 and o?
26
Suppose 2*t = 3*j + 40, -j + 3*j = 4*t - 80. Calculate the greatest common factor of 52 and t.
4
Let c(o) = -o**3 + o**2 + 14. Suppose 3*h = 2*h. Suppose -k - 4*k = h. Let f be c(k). Calculate the greatest common factor of 35 and f.
7
Suppose j + 0*j - 2 = 0, 0 = l - 5*j - 61. Let z = l + -51. Calculate the greatest common factor of 20 and z.
20
Let y(f) = 2*f - 2. Suppose g + 2*a - 2 = 0, 0*g + g - 5 = a. Let w be y(g). Calculate the greatest common divisor of 24 and w.
6
Let n = 1299 - -237. Calculate the greatest common divisor of 96 and n.
96
Let q(f) = f**3 - 17*f**2 + 28*f + 33. Let k be q(15). Let c(d) = 2*d**2 + 4. Let x be c(k). What is the greatest common divisor of 154 and x?
22
Suppose 0*u + u + 4*a = 85, -2*u + 148 = -3*a. Calculate the greatest common factor of 7 and u.
7
Let v = 160 - -16. Let b be (0 - -4) + (5 - -2). What is the greatest common factor of v and b?
11
Let l(u) = -u + 37. Let h be l(5). Suppose 0 = -3*d - d. Suppose -2*v + 14 + 2 = d. What is the greatest common divisor of h and v?
8
Let b = 40 - 15. Suppose -431 = -2*u - 101. Suppose -u = -2*w - b. What is the highest common factor of w and 10?
10
Let m be 2/4*64/2. Let y be 2/(-6)*(-88 - -16). What is the greatest common factor of y and m?
8
Let h(g) = 46 + 1 - 11*g - 2*g. Let q be h(-9). Calculate the highest common factor of q and 41.
41
Suppose -3*x = -4*k + 103, 2*k - 120 = -3*k - 5*x. Let a(d) = 6*d - 17. Let t be a(7). What is the highest common factor of t and k?
25
Let c be (20 - 36)*(16/2)/(-1). What is the greatest common factor of c and 576?
64
Let h be (-782)/69*6/(-4). Let w(k) = 6*k**3 + 6*k**2 + 6*k + 4. Let g be w(-5). Let r = -439 - g. Calculate the greatest common factor of r and h.
17
Suppose -6*j = -2*j - 12. Suppose -3*y = -6*b + 3*b, 8 = 5*b - y. Let c be b - (-1 - (0 - 0)). Calculate the greatest common divisor of j and c.
3
Suppose 13*j = 12*j + 2. Suppose j*i = i - 5*g + 64, i - 2*g - 50 = 0. Suppose 0*c + 36 = 2*c. Calculate the greatest common factor of i and c.
18
Let w(s) = -5*s - 9. Let x be w(-9). Let v be x - 3 - 3/(-1). Let a be 4/1*(v + 0). What is the highest common divisor of a and 18?
18
Let r = -34 - -69. Let l = r - 21. Suppose 4*k + l = 2*z - 18, 4*k - 28 = -z. What is the greatest common factor of 10 and z?
10
Suppose -158 = -0*p - 5*p + 2*m, 5*p + 5*m - 130 = 0. Calculate the highest common divisor of 315 and p.
15
Let q(b) = b - 2. Let c be q(3). Let s be 632/24 + c/(-3). Suppose 5*a - 99 = -4*x + 4*a, -x = -a - s. What is the highest common factor of x and 10?
5
Let j be 3*(4 - (-40)/(-15)). Let y be ((j - -6) + -1)*1. What is the greatest common divisor of y and 1?
1
Let i(x) = -x - 4. Let u be i(4). Let f = u - -14. Suppose 3*s = -2*d + s - 2, -s - 17 = -3*d. What is the highest common divisor of d and f?
2
Let v(o) = o**2 - 13*o + 49. Let l be v(5). Calculate the highest common factor of 237 and l.
3
Let x(l) = 2*l**2 - 2*l. Let c be x(6). Let z(p) = -80*p - 308. Let w be z(-4). Calculate the greatest common divisor of c and w.
12
Let d be (752/(-64) - (-5)/(-4))*-1. What is the greatest common divisor of d and 5?
1
Let b = 6774 - 4638. Calculate the greatest common factor of b and 24.
24
Let s be 21/6 + (-1)/2 + 1. Let p = -2 + 22. What is the greatest common divisor of p and s?
4
Suppose -2*h + 107 = 81. Let j(z) = 15*z**2 - 3*z - 1. Let t be j(-2). What is the greatest common factor of h and t?
13
Suppose k - 259 = 4*b - 47, 3*b = -5*k + 991. Let n be 342/9 + -1 + 3. What is the highest common factor of k and n?
40
Suppose -206*p + 211*p - 1840 = 0. Calculate the greatest common divisor of p and 276.
92
Suppose -y + 48*k + 336 = 47*k, -2*k + 351 = y. Calculate the greatest common factor of y and 33.
11
Let h = -145 - -150. Suppose v - 27 = 3. Suppose -h*o + v = -20. Calculate the highest common factor of o and 20.
10
Let v = -8131 - -8140. Let d = 2 + 6. Suppose 5*z - 23 + d = 0. Calculate the highest common divisor of z and v.
3
Let u be 834*((-8)/(-6) + -1). Let j = u + 78. Let y = -252 + j. What is the highest common divisor of 13 and y?
13
Let g(f) = -112*f - 218. Let q be g(-8). Calculate the greatest common factor of 6 and q.
6
Suppose 0 = -0*s - 7*s + 357. Let f = -49 + s. Calculate the greatest common factor of f and 5.
1
Suppose 32 = 4*t - 3*i, -4*t - 5*i + 35 - 3 = 0. Let b = -151 - -154. Suppose -4*c - b + 11 = 0. What is the greatest common factor of c and t?
2
Let s = 792 + -777. Calculate the highest common factor of s and 1695.
15
Suppose 0 = -y + 4*d + 7, -d + 2 - 30 = 5*y. Let j be (1 + (-10)/y)*7. Calculate the highest common divisor of 7 and j.
7
Let y be 10/(-6) + (-4)/12. Let k be (y/(-3))/(1/36). Let g(v) = v**2 - 2*v. Let l be g(3). Calculate the greatest common divisor of l and k.
3
Let m be (-2)/(-5) + (-426)/(-10). Let d = m + -36. Calculate the highest common divisor of 1 and d.
1
Suppose 2*c + 0 = 2*o + 6, 2*c - 11 = -3*o. Let r be 20 - (-2 + c)*-2. What is the highest common factor of 8 a